 = 3*x. Is b a prime number?
True
Let h(u) = -1123 + 788 + 21*u + 11*u. Is h(42) a prime number?
True
Suppose 0 = -2*h + 2*v + 2344534, 5*h - 3752329 - 2109006 = -2*v. Is h composite?
True
Suppose 58*w - 13971874 = 11*w + 4095067. Is w composite?
False
Let c(s) = 67*s**2 - 31*s - 953. Is c(52) prime?
True
Is ((-962)/130)/(530736/(-176910) + 3) a prime number?
False
Let t(l) = -l**2 + 14*l - 19. Let y be t(9). Let o = -24 + y. Suppose -b - 426 = -2*n + b, 3*n + o*b = 619. Is n a composite number?
True
Let o(d) = -1283*d + 63. Let r be o(-8). Suppose 0 = v - 5*c - r, 3*v - 41244 = -v + 4*c. Is v composite?
True
Suppose 6*z = 3*y + z - 135266, 2*y - 4*z - 90180 = 0. Let r = -27177 + y. Is r composite?
True
Let v = 195 + 116. Let b = 197 - v. Is b/9*(-21)/14 composite?
False
Let z be (517/(-2))/(11 + (-60510)/5500). Suppose 0 = -14*a + z - 46961. Is a composite?
True
Suppose 3072 = -2*a + 13644. Suppose -3*p + a = -5*p. Let d = 4186 + p. Is d a prime number?
True
Suppose 6140*r = 6106*r + 20893238. Is r a prime number?
False
Let g = 109 + -109. Suppose -v = -5*c + v + 5855, g = -c - 4*v + 1171. Is c a composite number?
False
Suppose 5*m = -y - 3*y, 5*y = 4*m - 41. Suppose 11589 = 5*q + m*a, -3*q - 6956 = -6*q - 5*a. Is q prime?
False
Let i(j) = -32 + 174*j + 4 + 21. Is i(2) a composite number?
True
Suppose 19965730 = -153*p + 46337274 + 60217123. Is p a composite number?
True
Suppose 4*h + 13952 = 4*d, -4*d + 6974 = -15*h + 13*h. Is -2 - -9*(-2)/18*h a composite number?
True
Suppose -d + 26 = 5*a, -5*a = -27*d + 31*d - 59. Suppose -150687 = -d*x + 147842. Is x a prime number?
False
Let d(h) = -5*h**3 + 15*h**2 + 349*h + 286. Is d(-19) prime?
False
Suppose f + 15 + 1 = 4*m, -4*f = 2*m - 8. Let k be (f + (-53)/(-2))/(30/1020). Let p = -555 + k. Is p prime?
False
Suppose 11*p - 4175 = 6*p + 5*g, p + 4*g - 850 = 0. Suppose l = 3*l - p. Is l prime?
True
Is 2225548/19 - ((-8)/(-152))/(6/12) composite?
True
Let l(v) = -17*v - 42. Let o be l(-4). Suppose -6713 = o*y - 19*y. Let x = 2158 + y. Is x composite?
True
Is ((-4)/(-10))/(-5 - 2764962/(-552990)) a prime number?
True
Let q(j) = 3499*j**2 + 3*j + 11. Let w be q(-4). Suppose 5*x + 4*z + 19254 - w = 0, 4 = -z. Is x a prime number?
True
Let s = -20 + 22. Let j be s*562*((-105)/(-6) + 0). Is (3*3/18)/(5/j) prime?
False
Let p = 15103 + -7064. Is p prime?
True
Let t(k) = -7*k**2 - 55*k + 12. Let b be t(-8). Is (-8)/b*853/(-2) composite?
False
Let z be (-3)/(3/(-16)) - 1. Let k(r) = 0 - 2*r - 2099*r**3 + 15*r**2 - 2 - z*r**2. Is k(-1) a prime number?
True
Let x be 3*(30/18 + -4)*59. Let q = 482 + x. Is q composite?
True
Let n = 78632 + -4843. Is n a composite number?
True
Let u(o) = -109892*o - 7. Is u(-1) composite?
True
Is (-2)/((-30)/2632725) - 13 prime?
False
Let u(z) = 2*z - 48. Let o be u(26). Is 3*(-4)/3 + (42 - o) prime?
False
Suppose 5*c + 5*z = 1490790, -236788 - 61355 = -c - 4*z. Is c a composite number?
True
Let r be (3 + -2)*-4 + 89614/7. Let y = r - 3775. Is y a composite number?
True
Let h = 561 - 844. Let k = h + 984. Suppose 0 = -6*m + 61 + k. Is m composite?
False
Let x be (24/(-10))/((-12)/(-20320)). Let w = x - -20023. Is w prime?
True
Suppose 2*n + 4*h - 162 = 0, -170*h = -174*h + 24. Is n a composite number?
True
Let g = -357 + 375. Suppose l - 4*x - 26 = 0, -g*l + 16*l - 5*x = 13. Is l composite?
True
Is ((-108)/81)/(100/(-38100675)) prime?
True
Let v be 4/1 - (-7 + -11). Suppose -2 = 5*y - v, 5*m = y + 7891. Is m a composite number?
False
Let d be 4 - (-3 - (-90 - 5)). Let i = 15 - d. Suppose 7*g = i + 30. Is g a composite number?
False
Suppose 3 = -336*g + 337*g. Let k(a) = 146*a**3 + 8*a**2 - 7. Is k(g) prime?
True
Suppose 143 = 5*t - 4*j, t + 5*j + 109 = 5*t. Let a be (-3)/6 - t/(-2). Suppose 0 = -d - 2*d + a, 0 = -i - 3*d + 137. Is i prime?
False
Let l = -26 - -27. Let j be (3 + -3 - 0)/l. Suppose -2*d + 9*d - 9737 = j. Is d composite?
True
Let h = 30 + -31. Let z(c) = 196*c**2 + 2*c + 1. Let o be z(h). Let u = o + -104. Is u composite?
True
Let b be (-8)/(-24)*(3 - -6). Suppose 2*u - 52877 = -b*m, -4*u + 4994 = m - 12645. Is m a prime number?
True
Suppose -4*h - 40*k = -44*k - 71816, -2*h - k + 35917 = 0. Is h prime?
True
Suppose 11*d - 222898 = -37625. Suppose 15*j - 150958 = -d. Is j composite?
False
Let h(z) = 693700*z**3 + 4*z**2 - 15*z + 12. Is h(1) prime?
True
Suppose -z = 3*i - 203711, z + 11*i - 12*i = 203731. Is z a prime number?
False
Let w = 309104 + -194470. Suppose w = 17*r - 16895. Is r a composite number?
True
Let o = -127841 + 356824. Is o a composite number?
False
Suppose 4056464 = 41*v - 6*v - 5229806. Is v a prime number?
False
Suppose 20840 = 5*g - 5*l, 6 = -28*l + 30*l. Let x = -1440 + g. Is x a composite number?
False
Let h be (0 + 4/5)/(8/220). Let g = h + -13. Suppose g*z - 2984 = z. Is z a prime number?
True
Let t be (3945/20)/((-5)/20). Let k be 26225/15 - 2/6. Let o = t + k. Is o prime?
False
Let l(r) be the third derivative of 13*r**5/20 - r**4/4 + 5*r**3/6 - 9*r**2. Let w be l(3). Let a = w + -159. Is a a composite number?
False
Suppose -16*n + 95405 = -2531. Suppose 18*y = 19*y - n. Is y a prime number?
True
Let w(n) = 3720*n**2 - 2*n - 3. Suppose -6 + 14 = -8*i. Is w(i) a composite number?
False
Suppose 48*q - 53*q - 10 = 0. Is (2 + -4)*(-149)/(-4)*q a composite number?
False
Let h be -2 - -6*(-6)/(-4). Let z(q) = -q**3 + 4*q**2 - 5*q - 14. Let u be z(h). Is (14/6 - 2) + u/(-6) prime?
False
Let r = 457454 - 289815. Is r prime?
False
Is 4*(-16)/(-704)*25169903 a prime number?
True
Let p = -3669 + 8615. Is p a composite number?
True
Suppose 0 = -5*t + 11 + 9. Suppose 21134 = t*b + v, 4*b = -2*v - 2*v + 21140. Suppose 2*r + x - b = -3*r, 0 = 5*r - 3*x - 5291. Is r a prime number?
False
Let b(p) = 1981*p - 97. Let i be b(15). Suppose -18*q + 22*q = 4*h - 39480, 5*q = -3*h + i. Is h composite?
False
Suppose -7*g + 2*g = 4*o - 19, 3*g = 3*o + 6. Suppose 0 = 4*t - 4*s - 27728, -5*t + 34660 = 10*s - 7*s. Suppose n + g*n = t. Is n composite?
False
Let j be (-8)/(-6)*(-18)/(-8). Suppose -10*l = -15*l - 5*b + 6785, j*b + 5456 = 4*l. Is l a composite number?
False
Suppose -4*c + 12 = -4. Suppose 9*z - 4*z + 37793 = c*x, -x + 3*z + 9457 = 0. Is x composite?
True
Let g be 105/(-10)*(-32)/24. Suppose -3*q = g*q - 29903. Is q composite?
False
Suppose -3*n + 5*d + 143847 + 154736 = 0, 0 = -3*n - d + 298559. Is n prime?
False
Let g be (1 - (-3)/(-1)) + 7. Suppose -10*u = 4*l - 38, -5*l = -32*u + 37*u - 25. Suppose 2*r - u*t - 6769 = -0*t, g*t - 6729 = -2*r. Is r a composite number?
True
Is (-143)/33 + 4 - (-940424)/6 composite?
True
Is 23/((-322)/(-285628)) - 7 prime?
False
Suppose -1 = 2*w + 17. Let g be (-1)/((-578)/(-51) - 11). Is g/w - (196840/(-15))/4 a prime number?
False
Let y = -10718 - -15099. Let k = 11164 + y. Is k prime?
False
Let r = 1419 - -537. Suppose 4*p + 4*f = 3480 + r, p + 5*f - 1351 = 0. Is p a prime number?
True
Suppose 7*t - 10160 = 3*t. Suppose -69605 = -5*f + t. Is f composite?
True
Suppose s - 2*n - 13375 - 734 = 0, 70610 = 5*s + 3*n. Let m = s + -2063. Suppose 2*c + m = 4*p - c, -12072 = -4*p - c. Is p composite?
True
Suppose -39*o + 605380 = 21*o - 193160. Is o prime?
True
Suppose 9*c - 4*c = 5. Suppose 3*r + c = w, -w + 2*w - 8 = -4*r. Is -1 - (w/(-3))/(7/4410) a composite number?
False
Is (7 - 8) + (7 - -438379 - -10) prime?
False
Is (1015218 + -15)/7 - -16 a composite number?
True
Let r = 804 - 733. Is 89*(r - -3)/2 composite?
True
Let x(b) = b**2 - 2*b - 4. Let m = -21 + 27. Let p be x(m). Suppose 15*i + 2795 = p*i. Is i composite?
True
Suppose 162 = -12*a + 73 - 343. Let k(q) = q + 671. Let o be k(0). Let g = a + o. Is g prime?
False
Let o = 212416 - 58169. Is o composite?
False
Suppose 74*n - 8405291 = 5937611. Is n prime?
False
Suppose -4*d - 10 = 3*a, 0 = 5*a - 4*d + 43 - 69. Suppose -15*w + 12815 = -12*w - a*c, -4*c - 21359 = -5*w. Is w prime?
True
Suppose 2*d = -4*y + 755 + 231209, 3*y = -2*d + 173973. Is y prime?
True
Suppose -2*o = 5*x - 26, 3*x - 19 = -3*o - 7. Is x/21 + 15402/14*5 a composite number?
False
Suppose -f - 4*g + 10 = 0, 0 = -0*f - 3*f - 5*g + 16. Suppose 5*w + 88 = -4*v, -w - 46 = f*v + w. Let o(m) = m**2 + 25*m + 3. Is o(v) a composite number?
True
Let q(g) be the first derivative of 229*g**2/2 + g + 8. Le